se 8
3062
What is 10010 (base 2) in base 7?
24
Convert -11034 (base 10) to base 12.
-6476
What is -52c (base 14) in base 4?
-33330
dd12 (base 14) to base 9
57404
What is -17712 (base 8) in base 14?
-2d74
What is 110101110 (base 2) in base 13?
271
What is -1533 (base 8) in base 14?
-455
Convert -5c01 (base 15) to base 3.
-222212001
-20036 (base 8) to base 2
-10000000011110
-12625 (base 9) to base 3
-102200212
-2061 (base 9) to base 2
-10111101001
Convert -479 (base 11) to base 7.
-1443
What is -8529 (base 12) in base 4?
-3203301
What is 40c (base 15) in base 7?
2442
Convert -212101 (base 3) to base 13.
-397
What is a332 (base 14) in base 9?
42451
What is -1b2c (base 16) in base 12?
-4038
18350 (base 9) to base 14
489b
-113203 (base 4) to base 7
-4252
Convert 1321030 (base 4) to base 10.
7756
Convert -1002 (base 6) to base 15.
-e8
Convert 5013 (base 6) to base 15.
4c9
-84c1 (base 15) to base 3
-1102112001
What is -102253 (base 6) in base 12?
-4989
6653 (base 8) to base 16
dab
Convert 100 (base 6) to base 10.
36
Convert 21332 (base 4) to base 2.
1001111110
Convert -4211 (base 6) to base 9.
-1257
-1044110 (base 6) to base 13
-1b015
-130377 (base 8) to base 13
-17816
What is 638 (base 11) in base 6?
3315
What is -8f (base 16) in base 15?
-98
What is -7f22 (base 16) in base 3?
-1122122102
-6103 (base 7) to base 5
-31420
What is 137 (base 14) in base 15?
115
What is -43bc (base 14) in base 9?
-17073
Convert 112220110 (base 3) to base 2.
10101001110010
54617 (base 8) to base 11
16253
What is 3113 (base 4) in base 14?
115
What is 4047 (base 14) in base 5?
323124
What is 4411 (base 10) in base 7?
15601
Convert 434 (base 11) to base 12.
375
-4186 (base 10) to base 5
-113221
Convert 24367 (base 10) to base 11.
17342
1101101 (base 2) to base 9
131
Convert 492 (base 14) to base 8.
1620
-243 (base 16) to base 15
-289
What is -11402 (base 10) in base 9?
-16568
-1000011200 (base 3) to base 2
-100110101100001
20571 (base 9) to base 2
11010100010111
-ab6 (base 12) to base 6
-11150
What is -1a7d (base 15) in base 12?
-33a7
What is -201144 (base 5) in base 3?
-22210221
-11d7 (base 14) to base 8
-6071
-454 (base 16) to base 6
-5044
-2a3c (base 14) to base 3
-101021212
What is 22121122 (base 3) in base 9?
8548
Convert 10406 (base 7) to base 4.
220223
What is -35321 (base 7) in base 9?
-13408
Convert -85220 (base 9) to base 8.
-155771
What is 30065 (base 10) in base 16?
7571
Convert -3aa6 (base 16) to base 15.
-46ae
452 (base 13) to base 12
51b
-619c (base 15) to base 9
-31253
Convert -113301 (base 4) to base 8.
-2761
53b (base 15) to base 8
2235
Convert -3656 (base 10) to base 7.
-13442
-481 (base 9) to base 3
-112201
545 (base 14) to base 2
10000010001
What is -3302031 (base 4) in base 10?
-15501
What is -283 (base 16) in base 6?
-2551
What is 4265 (base 11) in base 14?
20a9
What is -1bc (base 16) in base 15?
-1e9
What is 6015 (base 8) in base 16?
c0d
-1520 (base 7) to base 11
-4a8
Convert -10a66 (base 12) to base 9.
-33466
1010100 (base 2) to base 6
220
Convert 35923 (base 11) to base 13.
1a6b4
What is -15904 (base 10) in base 12?
-9254
What is -12555 (base 7) in base 3?
-11121220
Convert -10010010001 (base 2) to base 4.
-102101
What is 177 (base 8) in base 15?
87
47 (base 8) to base 3
1110
-311 (base 6) to base 3
-11021
10011020 (base 3) to base 13
1080
What is a12 (base 14) in base 11?
1537
-503 (base 8) to base 6
-1255
What is c8 (base 14) in base 6?
452
2131 (base 10) to base 5
32011
What is -5a4 (base 14) in base 6?
-5112
Convert -12011 (base 3) to base 15.
-94
Convert 1766 (base 8) to base 2.
1111110110
Convert -1b1 (base 15) to base 7.
-1066
645 (base 10) to base 8
1205
Convert -67 (base 15) to base 9.
-117
2325 (base 8) to base 15
577
What is -884 (base 15) in base 16?
-784
Convert 44134 (base 8) to base 15.
574e
389a (base 13) to base 4
1332012
Convert -100011000111 (base 2) to base 7.
-6360
What is -30c (base 13) in base 12?
-373
Convert 10101111 (base 2) to base 7.
340
Convert -1221 (base 6) to base 3.
-102011
44315 (base 9) to base 14
aa13
What is b9 (base 14) in base 3?
20001
1184 (base 9) to base 13
532
What is 34480 (base 11) in base 13?
198a3
34224 (base 5) to base 12
14b3
Convert -11001110112 (base 3) to base 4.
-103132313
What is -16052 (base 7) in base 12?
-2728
What is 1002120020 (base 3) in base 14?
7bd6
What is 1110001 (base 3) in base 14?
554
Convert -10001110000 (base 2) to base 14.
-5b2
What is -52785 (base 10) in base 6?
-1044213
What is -130222 (base 6) in base 5?
-334000
Convert -c0 (base 13) to base 2.
-10011100
-13 (base 7) to base 10
-10
565 (base 13) to base 16
3a0
Convert -1334 (base 13) to base 5.
-41442
What is 55446 (base 9) in base 16?
8fd0
20962 (base 11) to base 5
1433224
What is -5025 (base 7) in base 13?
-a35
2020010 (base 4) to base 13
3c6b
-200121012 (base 3) to base 2
-11010011110111
-21432 (base 5) to base 10
-1492
Convert 1001110010011001 (base 2) to base 10.
40089
-89882 (base 10) to base 2
-10101111100011010
Convert -1102100 (base 3) to base 2.
-10000001011
e (base 16) to base 3
112
What is 100010010011 (base 2) in base 4?
202103
22120210 (base 4) to base 7
235000
Convert -722b (base 13) to base 4.
-3312022
Convert -2442 (base 8) to base 9.
-1720
What is 101123 (base 4) in base 8?
2133
What is 638 (base 9) in base 2?
1000001001
Convert 1836 (base 11) to base 6.
14454
Convert -10110101100 (base 2) to base 13.
-879
-13434 (base 6) to base 11
-1649
-10124 (base 5) to base 12
-474
What is -186a (base 12) in base 16?
-b92
-1101110101110111 (base 2) to base 11
-39661
-1c32 (base 13) to base 5
-114031
-20201 (base 5) to base 12
-905
Convert -38807 (base 10) to base 6.
-455355
Convert -6110 (base 8) to base 9.
-4273
What is -1121 (base 3) in base 9?
-47
What is 255 (base 9) in base 12?
158
Convert -108 (base 9) to base 6.
-225
What is -1338 (base 9) in base 2?
-1111101111
4238 (base 11) to base 3
21200200
Convert -5031 (base 8) to base 3.
-10112202
Convert 100111100111 (base 2) to base 11.
19a5
What is 1002000 (base 3) in base 13?
483
What is -128 (base 16) in base 9?
-358
322 (base 12) to base 4
13022
What is 22211 (base 3) in base 12?
17a
Convert -793 (base 11) to base 9.
-1264
What is 10353 (base 6) in base 10?
1437
Convert -32810 (base 10) to base 4.
-20000222
What is -1211220201 (base 3) in base 8?
-107044
Convert 24531 (base 10) to base 3.
1020122120
13 (base 8) to base 4
23
What is 2a1 (base 15) in base 16?
259
What is 31233 (base 5) in base 11?
1610
-3545 (base 6) to base 15
-3c2
1010101100110 (base 2) to base 16
1566
What is 22a8 (base 12) in base 14?
15a8
40b (base 12) to base 13
362
Convert 333 (base 7) to base 15.
b6
What is -297 (base 14) in base 13?
-315
What is -1431 (base 6) in base 3?
-112001
Convert -272 (base 12) to base 10.
-374
What is -2a73 (base 13) in base 7?
-24004
What is 101211112 (base 3) in base 7?
32012
What is 20b3 (base 15) in base 12?
4006
What is 1347a (base 13) in base 3?
1211021201
Convert -9241 (base 11) to base 7.
-50522
-1c59 (base 14) to base 5
-131200
Convert -19c (base 16) to base 13.
-259
What is -25f7 (base 16) in base 7?
-40223
What is 112022 (base 3) in base 16?
182
120a (base 14) to base 10
3146
Convert 1868 (base 9) to base 16.
59f
627 (base 13) to base 8
2027
-11213 (base 8) to base 2
-1001010001011
What is -33300 (base 5) in base 3?
-10012010
Convert 9689 (base 12) to base 10.
16521
What is 10200 (base 8) in base 2?
1000010000000
What is -3c5 (base 13) in base 8?
-1234
Convert -333 (base 6) to base 14.
-93
What is 24746 (base 8) in base 2?
10100111100110
12b8 (base 14) to base 3
11112011
5078 (base 12) to base 13
3c89
Convert f3 (base 16) to base 13.
159
1010100101100 (base 2) to base 11
4088
Convert 14043 (base 5) to base 3.
1120112
Convert -313 (base 9) to base 10.
-255
Convert -1210111 (base 3) to base 7.
-3550
What is 36b (base 16) in base 3?
1012102
What is -25e (base 16) in base 9?
-743
Convert 1145 (base 6) to base 12.
1b5
What is 121 (base 5) in base 6?
100
-1102001 (base 4) to base 9
-7172
What is 42 (base 6) in base 7?
35
11496 (base 10) to base 8
26350
-1100101010111010 (base 2) to base 7
-304210
What is 860 (base 11) in base 7?
3005
Convert 78 (base 14) to base 7.
211
Convert 2cd (base 16) to base 2.
1011001101
What is -1030 (base 9) in base 2?
-1011110100
Co